ose -3*s - o*g - 69 = -189, -5*s + 181 = 2*g. List the prime factors of s.
5, 7
Suppose 14 = 2*j + 3*y - 0*y, 5*j = -5*y + 30. Suppose -j = 2*g - 28. What are the prime factors of g?
2, 3
Let n = 32 - 20. Let c be 4/n - 15/(-9). Suppose -40 = -4*d + 4*u, 2*u + c*u = 3*d - 29. List the prime factors of d.
11
Let q be 2/4*(3 - -1). Suppose b + 0*b - 19 = -3*a, -2*b - q*a = -22. What are the prime factors of b?
7
Suppose -4*c = -3*u + 20, u + c - 1 = 1. What are the prime factors of (-3 + u - -35) + -2?
2, 17
Suppose -176 = -3*h + 2*w, -h + 40 = -4*w - 22. What are the prime factors of h?
2, 29
Let q = 3 + -3. List the prime factors of 1 - ((-1 - 0) + q).
2
Let o(m) = -9*m + 2 + m**2 + 0*m**2 - 16. Let b be 2/(8/12) + 8. What are the prime factors of o(b)?
2
Suppose d - 1 = 3. Suppose -d*u + 12 = -3*u. Suppose 2*o + u - 36 = 0. What are the prime factors of o?
2, 3
Let x be (-9)/(-3) + -1 - 4. Let z(h) = -4*h**3 + h**2 - 2*h - 1. What are the prime factors of z(x)?
3, 13
Suppose -14 = 4*g - 2*t, -g - 4*t + 14 = -t. List the prime factors of 15 + 4/4*g.
2, 7
Suppose -8*c = -c - 329. List the prime factors of c.
47
Let v(s) = 7*s**2 + s**3 + 3 - s - 11 + 4*s. List the prime factors of v(-6).
2, 5
Let r = -81 + 117. What are the prime factors of r?
2, 3
Let s(r) = 9*r**2 + 10*r + 28. List the prime factors of s(-4).
2, 3, 11
Let h(w) = -19*w - 5. What are the prime factors of h(-3)?
2, 13
Suppose -o + 1 + 1 = 0. Let d(i) = i**3 - 2*i**2 - 3*i + 3. Let x be d(o). List the prime factors of (-8)/(-1) - 0/x.
2
Suppose 2*j = -j - s + 193, 5*j - 315 = -3*s. What are the prime factors of j?
2, 3, 11
Suppose -150 = -7*u + 2*u. List the prime factors of u.
2, 3, 5
Let z be 1*(2 - 3) + 3. What are the prime factors of (-34 + -4)*(-1)/z?
19
List the prime factors of (3/6)/(4/448).
2, 7
Let h(f) = f**3 - 9*f**2 - 9*f - 3. What are the prime factors of h(10)?
7
Suppose -2*d = 3*q - 4*q + 36, -26 = -q - 3*d. Let w = 56 + -40. Let a = q - w. What are the prime factors of a?
2
Let l be (-1)/(-2)*(3 - -5). Suppose l*f - f = 0. Suppose f*g - 8 = -2*g. List the prime factors of g.
2
Suppose -5 = -3*t - 2*f, 2*t = 4*f + 14 - 0. Let y = 5 - t. What are the prime factors of 1/y + 26/4?
7
Suppose -v - 31 = -2*r, 4*v + 30 = 2*r - 10. List the prime factors of r.
2, 7
Suppose 0 = -d - 2*d + 54. What are the prime factors of d?
2, 3
Let q(p) = -2*p**3 - 22*p**2 + 13*p + 1. What are the prime factors of q(-12)?
7, 19
Let b(z) = z**3 + 8*z**2 - 18*z + 23. Let p be b(-10). Let w be ((-16)/(-10))/((-2)/(-50)). Suppose -i + w = p*i. List the prime factors of i.
2, 5
Suppose -2*i + 5 + 19 = 0. What are the prime factors of i/8*(-116)/(-6)?
29
Let g(x) = 4*x**3 + x**2 - 3*x**3 - 3*x**2 - 4*x - 4. Let u = 2 + 2. What are the prime factors of g(u)?
2, 3
Suppose -2*u + 2*m - 6*m = -138, 5*u - 336 = -m. List the prime factors of u.
67
Let h(z) = z + 13. What are the prime factors of h(5)?
2, 3
Let j(r) = r**3 + 8*r**2 - 3*r - 8. List the prime factors of j(-8).
2
What are the prime factors of ((-64)/(-6))/(8/24)?
2
Suppose -j - 780 = -6*j. List the prime factors of j/10 + 2/5.
2
Let u(c) = 29*c. List the prime factors of u(1).
29
Suppose -18 = 5*d - 4*k - 48, 2*d + 5*k + 21 = 0. Suppose 0 = -3*y + d*a + 4, y = 4*a + 3 - 15. Suppose -59 = -y*x - 19. List the prime factors of x.
2, 5
Let k(y) = -y - 3. Let h be k(-9). Let v = 0 + h. List the prime factors of v.
2, 3
Let b be (-63)/(-6)*(-8)/(-12). List the prime factors of ((-2)/6)/(b/(-399)).
19
What are the prime factors of (0 - (0 - 1))/((-1)/(-10))?
2, 5
Suppose 4*j - 3*a = -6*a + 116, -3*j - 2*a + 86 = 0. List the prime factors of j.
2, 13
Let o(y) = -3*y + 3. Let p be o(3). Let s = p + 8. Suppose -s*h = 2*h - 28. What are the prime factors of h?
7
Let r be -21*(-2 + 10/6). Let j be r/(-1*2 + 3). Let v = j - 0. What are the prime factors of v?
7
Suppose 1 = -4*f + 21, -5 = -2*m - f. Let v be 1/(4/(-6))*-2. Suppose m*n = -n + v. What are the prime factors of n?
3
Suppose 0 = 3*z + 4*c - 14, -c + 1 = 2*z - 5. Let p = 4 + z. Suppose 0 = 4*g + 3*x - 34, -4*g + 3*x + p + 16 = 0. What are the prime factors of g?
7
Let o(v) be the second derivative of v**5/20 - 3*v**4/4 + v**3/3 - 11*v**2/2 + 4*v. List the prime factors of o(9).
7
Let n(r) = r**3 - 9*r**2 - 11*r + 6. Let h be n(10). Let p = h + 35. List the prime factors of p.
31
Let a(s) = s**2 - s + 8. Let k be a(0). Let h(i) = -i**3 + 8*i**2 + 3*i - 6. Let z be h(k). Let o = 29 - z. What are the prime factors of o?
11
Let a(s) be the second derivative of 0 + 3/2*s**2 + 4/3*s**3 + 1/12*s**4 - 2*s. What are the prime factors of a(-8)?
3
Let l be 68/12 + 4/(-6). Let z(n) = 2*n. What are the prime factors of z(l)?
2, 5
Suppose 5*f - 3*j - 12 = 18, 2*j - 18 = -3*f. List the prime factors of -22*(f/4 - 2).
11
Let i = 45 + -29. What are the prime factors of i?
2
Suppose 366 = 39*n - 36*n. List the prime factors of n.
2, 61
Suppose 0 = k + 5*f + 1, -17 = -5*k - 2*f - f. Suppose v - 6 = k. Let j(n) = n**2 - 8*n - 6. List the prime factors of j(v).
2, 7
Suppose u - 2*l - 82 = 0, -4*l = 4*u - l - 317. Let d = -47 + u. List the prime factors of d.
3, 11
Let q(c) = -c**2 + 5*c + 2. Let k be q(5). Suppose 2 - 8 = -5*t + l, -5*l = -k*t - 16. Suppose -5*p = -t*p - 9. List the prime factors of p.
3
Suppose -d = -3*o - 9, 0*d = d + 4*o - 2. List the prime factors of d.
2, 3
Let l(w) = w**2 - w + 5. Let u be l(0). Let b = u - 2. Suppose b*q + 13 = 55. What are the prime factors of q?
2, 7
Suppose b = 4*q - 497, 0 = 4*q + b - 191 - 312. List the prime factors of q.
5
Let c = 4 - 2. Suppose 2*u - 26 = 5*p + 6, -c*u = -4*p - 30. Suppose v + u = 2*v. What are the prime factors of v?
11
Suppose 3*p = 3*a - 102, 24 = 2*a + p - 38. List the prime factors of a.
2
Let p be (-1)/(-3)*(-3 - -30). Let c = p + -2. Let h = 5 + c. List the prime factors of h.
2, 3
Let b be (1 - (-3)/3) + -3. Let g = b + 4. Suppose -l + g*j = 10, 3*l - 50 = -2*l - 5*j. What are the prime factors of l?
5
Let z be ((-3)/3)/(2/(-10)). Suppose -22 = -z*q + 3*q. What are the prime factors of q?
11
Let x = -45 + 30. Let v = x - -23. Let a = -4 + v. List the prime factors of a.
2
Suppose 0 = t - 7 + 4. Let h(i) = i**3 - 2*i**2 - 3*i + 2. Let w be h(3). Suppose w*p = -t*p + 20. What are the prime factors of p?
2
Let c(d) = d. Let p be c(2). Suppose 17 - p = 3*y. Let a = y + -1. What are the prime factors of a?
2
Suppose 0 = -2*a + y - 3*y + 6, -2*a + 8 = 4*y. Suppose -56 - 4 = a*h. What are the prime factors of (0 - 1)*h/3?
2, 5
Let k(o) = 3*o - 6. Let l be k(4). Let q(f) = 3 - 5 - l + 3*f. List the prime factors of q(8).
2
Let z = 5 + -3. Let o(b) = b**3 + 5*b**2 - 5*b + 6. Let p be o(-6). Suppose -z*j + 2 + 4 = p. What are the prime factors of j?
3
Suppose 0 = b + 3*f + 3, -3*b - 6 = -5*f + 3. Let d(n) = -4*n**3 + 0*n**3 + 3*n**3 + 4*n - 1 - n**2. List the prime factors of d(b).
5
Let o = 6 + -1. Suppose 0 = -o*y - 4*z + 41, 3*y - 2 = -z + 17. What are the prime factors of y?
5
Suppose -2*i - 20 = -5*t, -3*t - 2*i + 4 = -4*t. Let b = 3 - t. Let n = b - -5. What are the prime factors of n?
2
Let m(g) = -3*g**3 - 3*g**2 - 13*g - 8. What are the prime factors of m(-5)?
3, 7, 17
Let j(r) = r**3 + 2*r**2 + 4*r + 3. What are the prime factors of j(5)?
2, 3, 11
What are the prime factors of 8 - -1*(-1)/1?
7
List the prime factors of ((-440)/(-30))/(4/18).
2, 3, 11
Let s(b) = -2*b + 2. Let w be s(-5). Let t(f) = -f**2 + 14*f + 3. List the prime factors of t(w).
3
Let z be -4*(-1)/2 + 30. Suppose 0 = 3*l - l - z. Suppose 0*n - 2*n + l = 0. List the prime factors of n.
2
Let d(t) be the second derivative of -t**3/6 + 5*t**2 - 2*t. Let u be d(7). What are the prime factors of u/2*(-10)/(-3)?
5
Suppose 0 = -3*w - 2*w - 50. Let j be (-6)/(-4)*w/(-3). Suppose -4*a = j*k - 21 - 40, -k + 3*a = -16. What are the prime factors of k?
13
Let a = 37 + -9. List the prime factors of a.
2, 7
Let l(z) = z**2 - 4*z. Let v be l(6). Suppose -2*p = -2*r + p - v, 5*p - 20 = 5*r. Suppose r*i - 25 = -5*i. List the prime factors of i.
5
Suppose -3*b + 20 = 2*b. Let h(u) = 5*u + 4. What are the prime factors of h(b)?
2, 3
Let c(d) = 7*d**2 - 2*d + 1. Let k be c(1). Let h = k + -1. Suppose -3*u + 14 = h. What are the prime factors of u?
3
Let z(l) = 11*l - 1. Let u = 2 - 1